)?
-12
(-1 - 17) + -53 + 66 + -5
-10
Calculate (6 - 20 - -14) + -12.
-12
Calculate -275 + 272 + 3 + 2 - -3.
5
What is the value of -24 + -10 - (10 - 37)?
-7
What is the value of -2 - (18 + (2 - 2) - 27)?
7
What is the value of 108 + -102 - (4 - (0 + -1))?
1
-16 + 0 + 2 + 14 + (-2 - -1)
-1
What is the value of -4 + -8 + 8 + -9 - 1?
-14
What is -12 + (-11 - (-10 - 15)) + -9?
-7
Calculate -7 + 0 - (22 + -25 + 28 - 21).
-11
What is the value of 57 - 22 - (32 + -18)?
21
What is (-14 - -1) + 217 + -185 - -5?
24
-6 + (-6 + -4 + 8 - (1 + 9))
-18
Evaluate -2 - (1 + 1 + (1 - 1) + 3).
-7
Evaluate 2 + -4 + 1 + (-1 + -1 - 4).
-7
Evaluate (-13 - (-13 + 13)) + 8.
-5
What is the value of (5 - (-7 + 10)) + -4 - -18?
16
Evaluate -9 + (-37 - 18) + 34.
-30
-2 + (28 - 30) + (1 - -1)
-2
Calculate 2 + -2 + (15 + 6 + -9 - 0).
12
Evaluate 14 + 1 + (-79 - (63 - 125)).
-2
-13 + (-1 + -3 - (10 - 13)) + 3
-11
Evaluate (-10 - -9) + 4 - (-8 + 3).
8
What is the value of -7 - ((2 - -7 - 7) + -8)?
-1
0 + 8 - (33 - (31 + -7)) - -3
2
What is -32 + 43 - (2 - 0 - (-1 + 9))?
17
What is the value of (0 + -2 - -12) + (131 - 146)?
-5
What is 0 - (40 - (43 + -28))?
-25
What is the value of -22 - -35 - (5 - -3) - 7?
-2
Evaluate 11 + (31 + -38 - (16 + 8)).
-20
-1 + -11 + (0 + -3 - 5 - -2)
-18
Calculate (-28 - (31 + -122)) + -37.
26
Calculate (-15 - -9 - -10) + -7 - (-1 - -5).
-7
What is the value of -4 + 17 - (18 - 7) - (-1 + 1)?
2
What is the value of 25 - (6 - ((-18 + 8 - -4) + 15))?
28
What is 35 + (7 - 7) + (-5 - -1 - -1)?
32
1 + (1 - -2) + -8 + 9 + 2
7
(-12 - -2) + 9 + 10 - (-4 - -10)
3
What is (-5 - -8) + -6 + -5 + (2 - 9)?
-15
What is the value of (-7 - (-19 + 44)) + 36?
4
Calculate (-10 - -7 - -13) + -10 - (0 - 2).
2
Calculate -2 - (10 - 12) - 15.
-15
What is -18 + 19 + -5 + -5?
-9
Evaluate (50 - 29) + (-7 - -2).
16
What is 2 - (13 - 7 - 8)?
4
Calculate 6 + -1 - (-297 + 293).
9
Evaluate 30 + (21 + 9 - 50).
10
Evaluate -5 + 20 + 8 + (0 - 3) + 4.
24
What is the value of 13 + 0 - (8 - (11 + -16))?
0
What is the value of 4 + 1 + -2 - 25 - (-155 + 149)?
-16
What is -5 + 9 + -18 + -14 + -22 + 43?
-7
-2 + 0 + -2 + 11 + (-17 - -11)
1
What is -13 + 7 + -10 + 11 + -5?
-10
Calculate 9 + 24 + (30 - 47).
16
What is -8 - ((-5 - -26) + (-31 - -18))?
-16
What is the value of -1 + -13 + (15 + -2 - -4)?
3
Calculate (-1 - 17) + 45 + -36 + -24.
-33
Calculate -15 - (10 - (-13 - -39)).
1
What is 8 + -14 + 5 + -1 + 7 + 29?
34
What is the value of -6 - ((-10 - 10) + 12)?
2
Calculate -8 - ((7 - (3 + -4)) + -5).
-11
-19 + -36 + 49 + 26
20
What is -39 + (26 - 8) - -24?
3
Calculate -3 - -6 - ((3 - -3) + (-39 - -16)).
20
Calculate 6 + -2 - (4 - -10 - 8).
-2
Evaluate (5 - 12 - (-8 + 2 + 0)) + 5.
4
Calculate 10 + 2 - 16 - (-2 - (2 - -2)).
2
What is 1 - (30 - 19 - -12) - 9?
-31
1 - (4 - -3 - 7)
1
What is the value of -51 + (-40 + 47 - -30)?
-14
What is -32 - (-35 + (25 - -5))?
-27
What is 7 - 14 - -28 - 14?
7
Calculate (57 - (22 - -1)) + -28.
6
(-1 - 2) + 3 - (-12 + 6) - 27
-21
What is the value of (-5 + -4 - 19) + 15?
-13
Calculate -8 + 7 + -19 + 27.
7
What is 8 + -1 - (15 - 18 - -2)?
8
What is the value of 28 + (11 - 1) + -28?
10
What is the value of -24 - -5 - -22 - (36 - 7)?
-26
-4 + -3 + (-4 + (-4 - 0) - -1)
-14
Calculate (6 - 14 - 0) + 7.
-1
What is the value of 7 + -5 + (127 - 149)?
-20
What is the value of 8 - (-10 - (-3 + -4) - (0 + -6))?
5
Evaluate (145 - 114 - (15 + 3)) + 22.
35
Calculate 2 + 8 + 7 + (64 - 46).
35
What is the value of (-21 - -14) + (-11 - -5)?
-13
What is the value of 1 - (11 + (-27 - -2))?
15
What is (23 - 15) + -24 + 5 + 14?
3
What is 0 - ((-38 - -17) + 17)?
4
What is the value of -1 - -1 - (1 + -26 + 38)?
-13
What is the value of (-15 - -6) + 16 + -7?
0
-450 - -490 - (30 + 2)
8
What is the value of 10 + -19 + 9 + 0 + -2 + 2?
0
What is 3 - 5 - -8 - (1 + 3)?
2
3 + -16 + 7 - (2 + (4 - 7))
-5
1 + (8 + -5 - 2 - (8 - 2))
-4
What is the value of -7 + 5 + -3 + (-32 - -18) + 20?
1
What is the value of -8 + (-2 - (-32 - -5 - -8))?
9
Calculate -17 + (16 - (-20 + 13)).
6
What is -8 - 12 - -4 - -22?
6
What is (2 - 9) + (28 - 20) - (-11 + 2)?
10
What is the value of 8 + (2 - 6) + 6 + -3 + 2?
9
What is -1 + 7 + 12 + (0 - (8 + -5))?
15
Calculate 1 - -4 - ((1 + 10 - 3) + -10).
7
What is 1 - (-28 + 63 - 16)?
-18
1 + -4 + (81 - 76 - (-10 - 0))
12
What is 15 + -1 + -10 + -16?
-12
Calculate -11 - (-2 + 2) - (19 + -19 + 4).
-15
What is -7 + 13 - 5 - -21?
22
Calculate 23 + (35 - 23) - 21.
14
What is 294 + -277 - (1 + -2 - 0)?
18
Evaluate (14 - -7) + -32 - 7.
-18
What is the value of -2 + 17 - ((7 - (-6 + 10)) + -4)?
16
What is the value of 20 - (4 + -9 + 9 + -7 + 5)?
18
What is -3 - (-17 - -22) - -13?
5
What is -68 + (47 - 5) + 11?
-15
Calculate -9 - (-17 + 12) - -7.
3
11 - (-19 + 9 - -7) - 1
13
Calculate -2 + (3 - 16) + (37 - 46).
-24
What is 3 + (-13 - (8 + -11 - 4))?
-3
Evaluate (-3 - -9) + (-26 - (-23 - -11)).
-8
What is -2 + -4 + 0 + (-5 - -3)?
-8
What is the value of 0 - (-15 + 12 + -13)?
16
540 + -566 + (-2 - -15)
-13
Calculate (-2 - 1 - -6) + 21 + (-21 - -4).
7
Evaluate -40 + 38 + -2 - (-1 - -6).
-9
Evaluate 6 - (9 + -22 - -15).
4
What is 49 + -71 + (23 - -4)?
5
Calculate -12 + 9 + -9 + -16.
-28
Evaluate 5 - 9 - (-19 + 5 + -3).
13
Calculate -4 - (-4 + 6) - (12 - -7 - -1).
-26
Evaluate (13 - 3) + -2 + (-13 - (16 + -14)).
-7
-15 + (9 - (-1 + 3)) + -3
-11
What is the value of (1 - (-2 + 3)) + 5 + -2 + -27?
-24
Evaluate -1 + -7 + 0 + 120 + -111.
1
What is the value of -24 + -3 - (6 + -15 + -3 + 6)?
-21
What is the value of (6 - 2) + -2 + (3 - (4 + 6))?
-5
Calculate 0 + -10 - (-7 + (1 - -9)).
-13
Evaluate 4 + -7 + 10 + (9 - 25).
-9
What is -25 - -14 - -34 - (0 - 1 - -8)?
16
What is the value of 3 + -4 + (-9 + 3 - (-3 + -10))?
6
Calculate (1 - (8 + -17)) + -19 + 35 + 1.
27
Calculate 7 - (-5 + (-6 - (4 - 10))).
12
What is the value of -1 - ((18 + -9 - 19) + 7)?
2
Evaluate (58 - 58) + (-4 - (3 - 10)) + -1.
2
-3 + 7 + 0 + -16
-12
9 - 7 - 17 - (9 - 15)
-9
0 + 4 - 0 - (927 + -892)
-31
What is the value of 34 + (-96 - -34) + 36?
8
(-7 - (13 + -29 - -8)) + -2
-1
What is (6 + -3 + (-5 - -5) - 22) + 7?
-12
Calculate -13 - 1 - -18 - 19 - (-10 - 0).
-5
Evaluate (4 - 5) + (-3 - -5) - (1 + -5).
5
What is -248 + 229 - (-2 - 29)?
12
Evaluate -18 + 4 - 9 - -5 - -1.
-17
What is 20 + -7 + 1 - (0 - 6 - -9)?
11
What is 13 - 0 - (46 + -4 - 37)?
8
5 + -4 + (4 + 9 - 5)
9
Calculate -2 - (-16 + 27 + -15).
2
(-54 - -59) + 0 + (-6 + 3 - 1)
1
Evaluate (-72 - -66) + 3 + 0 - -27.
24
What is (6 - -11 - 28) + 0 + 24?
13
What is -5 + (33 - 9) + (2 - 13 - -3)?
11
32 + 14 + (-2 - -16) + -38
22
Evaluate -8 + (0 - (-7 - (-6 + 13) - -7)).
-1
Evaluate -1 - -15 - (-23 - -15 - -6).
16
What is 10 + -4 + (0 - -1) + 0 + 1?
8
Evaluate (-6 + 2 - 4) + 2 + (-41 - -45).
-2
What is -12 - ((14 - 22 - -16) + (-11 - 1))?
-8
What is 12 + (7 - 32) - (2 - 16)?
1
(0 - 9) + (687 - 657)
21
What is the value of 5 - (-8 + 0 + 8 - (4 + 4))?
13
9 + -3 + (-15 - -6) + -1
-4
What is the value of -2 + -8 + (-8 - -24)?
6
What is the value of -1 - (-28 - -1) - (-2312 - -2324)?
14
Calculate -11 + 21 + -11 + 6 + 4.
9
1 - -4 - (-14 + (30 - 9)) - 9
-11
What is -1066 + 1076 + -1 + (-1 - 4)?
4
Evaluate (-2 + (10 - -25) - 17) + -10.
6
(-11 - -4) + (4 - (-6 - -4)) - -5
4
-1 + -1 - ((7 - (13 - 8)) + -2)
-2
Evaluate -6 + (9 - (3 - 7) - 6).
1
What is the value of (82 - 88) + 4 + 0 + -5?
-7
Evaluate 9 + 36 - 40 - (-1 - 4).
10
What is (-7 - -1) + (-10 - (15 - 19)) + 12?
0
What is the value of 24 + -5 - (21 + -8)?
6
Evaluate 0 + 18 - 15 - 12.
-9
-2 - (2 - (3 + (-3 - -7) + -9))
-6
What is -5 + -15 + 41 + -8?
13
Evaluate 44 - (79 - 31) - -1.
-3
Calculate -13 + 16 - (3 + -5 + 10).
-5
Evaluate -102 + 102 + 4 + 4 + -1.
7
Calculate 3 + 9 + 8 + -14 + 11.
17
(-12 - (-13 + -20)) + -35
-14
6 - (15 + -11 + 6 + -6 + -3)
5
Calculate (-6 - 1) + (-7 - (3 - 8)).
-9
Evaluate (0 - (17 + 0)) + 11.
-6
Evaluate (967 - 978) + (-3 - (0 - 2)).
-12
What is the value of 1 - 9 - ((-17 - 26) + 38)?
-3
Calculate 12 - -10 - (-11 - (16 - 21)).
28
Calculate (14 - 23) + 13 + -1.
3
Calculate -35 - (-16 - -4) - (-3 - -1).
-21
(-3 - -30 - 28) + (-4 - -1 - -6)
2
10 - -2 - (34 + 20 + -26)
-16
What is -71 + 73 - (-1 - 3)?
6
Evaluate 8 - (-16 - -20) - (-4 + -2 + 2).
8
What is 74 + -103 + (27 - 2)?
-4
Evaluate 6 + -6 